{"id":1566,"date":"2019-09-11T16:48:41","date_gmt":"2019-09-11T19:48:41","guid":{"rendered":"https:\/\/uaibyte.com.br\/site\/?post_type=product&#038;p=1566"},"modified":"2022-11-09T15:09:57","modified_gmt":"2022-11-09T18:09:57","slug":"memoria-kingston-ddr3-4gb-1333mhz-kvr1333d3n9-4g","status":"publish","type":"product","link":"https:\/\/uaibyte.com.br\/site\/produto\/memoria-kingston-ddr3-4gb-1333mhz-kvr1333d3n9-4g\/","title":{"rendered":"Memoria Kingston Ddr3 4gb 1333mhz Kvr1333d3n9\/4g"},"content":{"rendered":"<h2 class=\"main-section__title item-description__title\">Descri\u00e7\u00e3o<\/h2>\n<div id=\"description-includes\" class=\"item-description__content \">\n<div class=\"item-description__text\">\n<p>P9386\u00a0Memoria Kingston DDR3 04gb 1333mhz kvr1333d3n9\/4g\u00a0Kingston<\/p>\n<p>Adicionando mais mem\u00f3ria Ram ao seu computador, \u00e9 uma maneira r\u00e1pida e eficaz para melhorar o desempenho do sistema, seu computador ser\u00e1 mais \u00e1gil e comuta\u00e7\u00e3o de programa mais r\u00e1pido, o m\u00f3dulo de mem\u00f3ria Kingston \u00e9 uma \u00f3tima op\u00e7\u00e3o de atualiza\u00e7\u00e3o para seus computadores dom\u00e9sticos e de escrit\u00f3rio.<\/p>\n<p>Destaque<br \/>\nModelo: KVR1333D3N9\/4G<br \/>\nMarca: Kingston<br \/>\nFormato de mem\u00f3ria Dimm<br \/>\nTipo: Sdram DDR3 de 240 pinos<br \/>\nCapacidade: 4GB (1X 4GB).<br \/>\nAcelera\u00e7\u00e3o: DDR3 1333<br \/>\nLat\u00eancia: 9<br \/>\nTiming: 9-8-7-6<br \/>\nTens\u00e3o: 1.5V<\/p>\n<p>Cont\u00e9m no Pacote<\/p>\n<p>1- Memoria Ram 4GB DDR3 1333 KVR1333D3N9\/4G &#8211; Kingston<\/p>\n<p>Verifique com os fabricantes do produto e de seus componentes eventuais limita\u00e7\u00f5es \u00e0 utiliza\u00e7\u00e3o de todos os recursos e funcionalidades.<\/p>\n<\/div>\n<p>***Imagens Ilustrativas***<\/p>\n<\/div>\n","protected":false},"excerpt":{"rendered":"<p>Descri\u00e7\u00e3o P9386\u00a0Memoria Kingston DDR3 04gb 1333mhz kvr1333d3n9\/4g\u00a0Kingston Adicionando mais mem\u00f3ria Ram ao seu computador, \u00e9 uma maneira r\u00e1pida e eficaz para melhorar o desempenho do sistema, seu computador ser\u00e1 mais \u00e1gil e comuta\u00e7\u00e3o de programa mais r\u00e1pido, o m\u00f3dulo de mem\u00f3ria Kingston \u00e9 uma \u00f3tima op\u00e7\u00e3o de atualiza\u00e7\u00e3o para seus computadores dom\u00e9sticos e de escrit\u00f3rio. [&hellip;]<\/p>\n","protected":false},"featured_media":1567,"comment_status":"open","ping_status":"closed","template":"","meta":[],"_links":{"self":[{"href":"https:\/\/uaibyte.com.br\/site\/wp-json\/wp\/v2\/product\/1566"}],"collection":[{"href":"https:\/\/uaibyte.com.br\/site\/wp-json\/wp\/v2\/product"}],"about":[{"href":"https:\/\/uaibyte.com.br\/site\/wp-json\/wp\/v2\/types\/product"}],"replies":[{"embeddable":true,"href":"https:\/\/uaibyte.com.br\/site\/wp-json\/wp\/v2\/comments?post=1566"}],"wp:featuredmedia":[{"embeddable":true,"href":"https:\/\/uaibyte.com.br\/site\/wp-json\/wp\/v2\/media\/1567"}],"wp:attachment":[{"href":"https:\/\/uaibyte.com.br\/site\/wp-json\/wp\/v2\/media?parent=1566"}],"curies":[{"name":"wp","href":"https:\/\/api.w.org\/{rel}","templated":true}]}}